-22 + 25. Give q(y).
12
Let r(p) be the second derivative of p**4 + p**3/3 + p**2/2 - 5*p. Determine r(-1).
11
Let c(s) = s + 1. Let w(v) = -v**2 + 11*v. Let y(n) = 5*c(n) - w(n). Give y(4).
-3
Let c(l) = -2*l**2 + 2*l + 1. Suppose 7*h - 8 = 11*h. Determine c(h).
-11
Let p(l) = 0 - 3*l**2 - 3*l + l**3 + 2*l + 0*l**2 + 1. Let s = -5 + 8. Give p(s).
-2
Let u = -45 - -43. Let s(x) = -3*x + 2*x**2 - x**3 + 2*x**3 + 6*x. Calculate s(u).
-6
Suppose -5*b - 5 = -0. Let h(t) = -t - 4. Suppose -v - 3 + 0 = 0. Let k(d) = -5. Let i(p) = v*k(p) + 4*h(p). Determine i(b).
3
Let f(p) = p**3 - 6*p**2 - 2*p - 2. Let r(x) = 3*x**3 - 19*x**2 - 5*x - 7. Let v(u) = 7*f(u) - 2*r(u). Let h be -2*1/2*-5. Determine v(h).
5
Let g(j) be the first derivative of -j**6/120 + 2*j**5/15 - 7*j**4/24 - 7*j**2/2 - 3. Let y(i) be the second derivative of g(i). Calculate y(7).
0
Let x(y) = y**3 - 2*y**2 - y. Suppose -3*b - 5*r + 21 = 0, -4*b + 0*b - 5*r = -23. Let w be -2 - (-4 + 0) - 2. Suppose w = -2*s + b + 2. Give x(s).
-2
Let z(h) = 3 - h + 4 - 1 - 2. What is z(4)?
0
Let t(i) = -4*i**3 + i**2 - i - 2. Let n be t(-1). Let y(x) = x**2 + 3*x - 1. Give y(n).
27
Let u(i) = -10*i + 4. Let r(v) = 2*v - 1. Let x(q) = 11*r(q) + 2*u(q). Let d(h) = h**3 + 2*h**2 - h + 3. Let o be d(-3). What is x(o)?
-9
Let c(f) = f**3 - 8*f**2 + 8*f - 6. Let r be c(7). Let a(q) be the first derivative of q**2/2 + 1. Let l be a(r). Let g(p) = 7*p**2 - p + 1. Calculate g(l).
7
Suppose 0 = -5*c + c + 48. Let r = 20 - c. Let f(v) = 0*v - 2*v**2 + v**2 - r + v - v**3. Determine f(0).
-8
Suppose b = -4*b - 30. Let y be b/(-4)*(-4)/3. Let u(v) = 1 + 1 - 1 + v + 2*v**2. Calculate u(y).
7
Let i(l) be the third derivative of 1/24*l**4 - 1/15*l**5 + 1/120*l**6 - 1/6*l**3 + 0*l + 0 - 3*l**2. Suppose 4*p = -4*m - 8, 6*p + 22 = 4*m + 4*p. Give i(m).
-7
Let f(a) = -10*a**2 - 2*a - 2. Let l be f(-1). Let s be (-8)/40 + (-42)/l. Let t(y) = y**2 - 5*y + 2. What is t(s)?
-2
Let g(z) = -z**3 + 5*z**2 - 7*z + 7. Let w be (-32)/(-8) + -1 + 1. Determine g(w).
-5
Suppose -5*m - c = 10, 18 = m - 4*c - 1. Let g be (12/8)/(m/(-2)). Let p(k) = k**2 - 2*k - 2. What is p(g)?
1
Let y(q) = -q**3 - 3*q**2 + 2*q + 2. Let m be y(-3). Let a be 13/m + (-2)/(-8). Let g(t) = -3*t - t**2 + t**3 + 5*t + 4*t**2 + 4. What is g(a)?
-2
Let z = 0 - -2. Suppose 6 + 0 = 3*a. Let w(p) = -a - 2 + p + 1 + 5*p. What is w(z)?
9
Let x(i) = 5*i**3 - 2*i**2 + i. Let a be x(1). Let y(d) = a*d - 1 - 2 - 2*d**2 + d**2. What is y(4)?
-3
Let h be ((-5)/(-2))/(2/4). Let m be (21/(-3))/(1 + -2). Suppose 3*w - m = h. Let g(u) = -u**3 + 4*u**2 + 2*u - 2. Determine g(w).
6
Let z(m) = -m + 4. Suppose 1 = 4*x - 11. Suppose x*l = -0*l. What is z(l)?
4
Let v(c) be the first derivative of c**2/2 + 4*c + 1. Let g be (35/20 + -1)/((-3)/12). Give v(g).
1
Let f be (3 - 2)/1 - -1. Let k(b) = b**3 + b**2. What is k(f)?
12
Let d(x) = x**2 - 7*x + 8. Let j = 15 - 6. Let p = -3 + j. Determine d(p).
2
Let l(i) be the first derivative of -i**2/2 - 4*i - 26. Calculate l(-2).
-2
Let z(y) = -4*y + 7. Let w(j) = 0*j - 2*j - 1 + 3*j. Let a(d) = -6*w(d) - z(d). What is a(-2)?
3
Let s(j) = -j**2 + 7*j - 1. Let i be s(7). Let b be ((-2)/4)/(i/(-2)). Let v(o) = -6*o**2 + 2*o + 1. Determine v(b).
-7
Suppose -4*q = -2*q - 4. Suppose q*w - 20 = -2*w. Let c(z) = -z**2 + 2*z + 7. Calculate c(w).
-8
Let m(w) = w**2 - 6*w + 5. Let x = 18 + -13. What is m(x)?
0
Let x(i) = -3*i - 3. Suppose 3*k + k + 28 = 0. Let b = 3 + k. Give x(b).
9
Suppose 2*c + 4*o = 28, 2*c - 3*o + 5 = -2. Suppose -2*a - 11 = -3*d, -4*a - 11 = -4*d + 1. Let x(i) = 0*i**3 + 4*i**a - i**3 + 0 - 1. Determine x(c).
-1
Let u(j) = -3 + 4 - j**3 + 2 + 2*j - 1 + 2*j**2. Give u(3).
-1
Let y(n) = -3*n**2 - 2*n + 1. Let x be (-7)/(-28) + 3/4. Determine y(x).
-4
Suppose -a - 4 = -0*h - 2*h, -3*h = 0. Let f(g) be the second derivative of -2*g + 1/12*g**4 + 2/3*g**3 + 0 - 2*g**2. Determine f(a).
-4
Let p(m) be the first derivative of m**4/4 + 5*m**3/3 + 5*m**2/2 + 2*m - 8. Suppose 6 = -5*c - 14. Calculate p(c).
-2
Let p(d) = -d**3 - 5*d**2 - 4*d - 2. Let r be -3 + 2*(-4)/(-8). Give p(r).
-6
Let y(h) be the second derivative of -h**6/360 - h**5/120 + h**4/12 + h. Let m(u) be the third derivative of y(u). Give m(-1).
1
Suppose 3*w = -4*n - 2*w + 13, -4*n = -3*w - 5. Let l(m) = 0 - n*m + 2 - 3*m. Let x = 2 - 0. What is l(x)?
-8
Let f(o) = 2*o**2 - 8 + 2 - 14*o + 9*o. Determine f(5).
19
Let l(f) = -f**2 + 3*f**2 - f - 2 + f**2. Let r(a) = -a**2 - 8*a - 5. Let n be r(-7). Suppose -5*m = n - 12. What is l(m)?
8
Let g(o) be the first derivative of 5/4*o**4 - 1 + 0*o**3 + 0*o**2 + o. Determine g(-1).
-4
Suppose 11*p = 16*p + 5. Let d(g) = g**3 - 2*g**2 - g. Give d(p).
-2
Let q be (-35)/(-49) - 2/(-7) - 1. Suppose 5*c = -2*z + 10, 2*c + 2*z - 15 = -z. Let r(h) = -6 + h + c + 0*h. What is r(q)?
-6
Let t(n) be the second derivative of 3*n - n**2 - 1/20*n**5 + 1/6*n**3 + 0 - 1/4*n**4. What is t(-4)?
10
Let p = -6 + 4. Let h = -3 - p. Let t = h - 4. Let j(n) = n**2 + 5*n + 7. Determine j(t).
7
Let w(g) = 4*g**2 - 2*g + 1. Let o(r) = r**2 + r - 1. Let s(j) = -o(j) - w(j). Calculate s(-1).
-6
Let b(d) = -5*d - 1. Let y(m) = 6*m**3 + 8*m**2 - 5*m - 14. Let f(r) = 2*r**3 + 3*r**2 - 2*r - 5. Let c(g) = -11*f(g) + 4*y(g). Let h be c(1). Determine b(h).
-11
Let c = 30 - 29. Let m(u) = u**2 - 1. Give m(c).
0
Let i(x) = 10*x**2 + x + 2. Suppose 3 = -t + 10. Let q(h) = -9*h**2 - h - 2. Let o(r) = t*q(r) + 6*i(r). Determine o(-2).
-12
Suppose -4*s = 2*u - 16 - 16, u + 3*s - 20 = 0. Let k(x) = 0 + u - 5 + x. Calculate k(4).
7
Suppose -3*v = 4*i - 7, 3*v - 5 = -5*i + 3. Let d(z) = 5*z - 3. Let f(n) = -1. Let s(y) = d(y) - 2*f(y). Give s(i).
4
Let x(z) = 2*z - 8. Let u be x(7). Let c(b) = -b + 9 + 1 + b**3 - u*b**2 - 3. Determine c(6).
1
Let b(o) = o**2 - 4*o - 2. Let y = -12 + 16. Suppose 0 = 4*n - 12 - y. Give b(n).
-2
Let c(s) be the first derivative of 4 + 5*s - 3/2*s**2. Give c(4).
-7
Let q(o) = -o - 3. Let i be (-22)/(-99) + (-68)/(-18). Suppose g = -b, b + 3*b = i*g + 32. Calculate q(g).
1
Suppose 0 = -4*h + 5 + 15. Let f(q) = 1 - 1 - 3 + 0*q**2 - h*q + q**2. Calculate f(5).
-3
Let b(d) = 5*d**2 - 2*d - 7. Let g(v) = -v**2 + 1. Let x(s) = -b(s) - 6*g(s). Calculate x(-2).
1
Let n(f) = -2*f**2 + 4*f - 4. Let y = -4 - -4. Suppose y = x - 3. Give n(x).
-10
Let b(x) = x**3 + 5*x**2 + 7*x + 5. Let s(m) = 2*m - 1. Let z be s(6). Suppose 0 = -3*c - z - 1. Determine b(c).
-7
Let h(x) be the second derivative of -x**5/60 - 5*x**4/24 - x**3/6 - 3*x. Let p(c) be the second derivative of h(c). Determine p(-5).
5
Let k(l) = 3*l**3 + 3*l**2 - l + 5. Let p(n) = 3*n**3 + 4*n**2 - n + 6. Let s(y) = 5*k(y) - 4*p(y). Give s(1).
2
Let z(y) be the third derivative of 7*y**6/120 - y**5/30 - y**4/12 - y**3/6 - 15*y**2. Determine z(-1).
-8
Let j(a) = 8*a**2 + 1. Let v be j(1). Let s = 5 - v. Let q(l) be the second derivative of -l**5/20 - l**4/3 + l**3/2 + 3*l**2 - l. Calculate q(s).
-6
Let g(z) be the second derivative of -z**4/12 - z**3 - z**2/2 + 2*z. Let v = 1 - 3. Let n = -8 - v. What is g(n)?
-1
Let x(v) = -12 + 9 + 3*v**2 - 2*v**2 - 2*v. What is x(4)?
5
Let r(c) be the second derivative of c**5/60 - c**3/3 + c**2/2 - 6*c. Let l(d) be the first derivative of r(d). Determine l(2).
2
Let o(b) be the third derivative of b**6/360 + b**5/24 + b**4/4 + 5*b**3/3 - 8*b**2. Let u(k) be the first derivative of o(k). What is u(-5)?
6
Let j(z) = 65*z**3 - z - 58*z**3 - 2*z**2 + 0*z. Let m(g) = -6*g**3 + 3*g**2 - 1. Let d(b) = -5*j(b) - 6*m(b). Determine d(7).
-8
Suppose 0 = -18*z + 14*z - 8. Let y(d) = -d**3 - 4*d**2 - 3*d - 1. Determine y(z).
-3
Let o(h) = -4*h. Let r(x) = -5*x - 4. Let w be r(-4). Let t be 44/w + (-1)/(-4). Determine o(t).
-12
Let x(y) = y**3 - y + 6. Let z be 3/12*4*0. Give x(z).
6
Let y(b) = -b**2 + 6*b. Let p be 2/3 + 130/30. Determine y(p).
5
Let o = -5 - -7. Let j(f) = -f**2 - 2*f**2 - 8*f - 4 + 2*f**2 + o*f. Calculate j(-6).
-4
Let t(y) = y**3 + 7*y**2 + 5*y - 1. Suppose 4*d - 3*o + 30 = 0, -d - 2*o = -o + 4. Determine t(d).
5
Let o(g) = -3*g**2 + 17*g - 6. Let p(n) = n**2 - 8*n + 3. Let v(m) = -2*o(m) - 5*p(m). Suppose -2*q - 1 = 11. Calculate v(q).
-3
Let r(g) = -9*g**3 - 3*g**2 + 5*g + 1. Let q(c) = -5*c**3 - c**2 + 2*c. Let h(a) = -7*q(a) + 4*r(a). Calculate